{"id":2294,"date":"2026-02-25T17:24:27","date_gmt":"2026-02-25T16:24:27","guid":{"rendered":"https:\/\/altura-gestion.fr\/?page_id=2294"},"modified":"2026-02-25T17:24:27","modified_gmt":"2026-02-25T16:24:27","slug":"3-avenue-louise-1e-etage-gauche-la-madeleine","status":"publish","type":"page","link":"https:\/\/altura-gestion.fr\/index.php\/3-avenue-louise-1e-etage-gauche-la-madeleine\/","title":{"rendered":"3 avenue Louise, 1e \u00e9tage gauche, LA MADELEINE"},"content":{"rendered":"\n<div class=\"wp-block-essential-blocks-slider root-eb-slider-kwodw\"><div class=\"eb-parent-wrapper eb-parent-eb-slider-kwodw \"><div class=\"eb-slider-wrapper eb-slider-kwodw\" data-blockid=\"eb-slider-kwodw\" data-version=\"v3\" data-settings=\"eyJhcnJvd3MiOnRydWUsImFkYXB0aXZlSGVpZ2h0Ijp0cnVlLCJhdXRvcGxheSI6dHJ1ZSwiYXV0b3BsYXlTcGVlZCI6NjAwMCwiZG90cyI6dHJ1ZSwiZmFkZSI6ZmFsc2UsImluZmluaXRlIjp0cnVlLCJwYXVzZU9uSG92ZXIiOnRydWUsInNsaWRlc1RvU2hvdyI6MSwic3BlZWQiOjUwMCwidmVydGljYWwiOmZhbHNlLCJjdXJyZW50U2xpZGUiOjAsInJ0bCI6ZmFsc2UsInJlc3BvbnNpdmUiOlt7ImJyZWFrcG9pbnQiOjEwMjUsInNldHRpbmdzIjp7InNsaWRlc1RvU2hvdyI6MX19LHsiYnJlYWtwb2ludCI6NzY3LCJzZXR0aW5ncyI6eyJzbGlkZXNUb1Nob3ciOjF9fV19\" data-arrownexticon=\"fas fa-chevron-right\" data-arrowprevicon=\"fas fa-chevron-left\" data-lightbox=\"false\"><div class=\"eb-slider-init eb-slider-type-image\"><div class=\"eb-slider-item content-1\" data-src=\"http:\/\/altura-gestion.fr\/wp-content\/uploads\/2026\/02\/IMG_0182-scaled.jpg\"><div><img class=\"eb-slider-image\" data-lazy=\"http:\/\/altura-gestion.fr\/wp-content\/uploads\/2026\/02\/IMG_0182-scaled.jpg\"\/><\/div><\/div><div class=\"eb-slider-item content-1\" data-src=\"http:\/\/altura-gestion.fr\/wp-content\/uploads\/2026\/02\/IMG_0168-scaled.jpg\"><div><img class=\"eb-slider-image\" data-lazy=\"http:\/\/altura-gestion.fr\/wp-content\/uploads\/2026\/02\/IMG_0168-scaled.jpg\"\/><\/div><\/div><div class=\"eb-slider-item content-1\" data-src=\"http:\/\/altura-gestion.fr\/wp-content\/uploads\/2026\/02\/IMG_0165-scaled.jpg\"><div><img class=\"eb-slider-image\" data-lazy=\"http:\/\/altura-gestion.fr\/wp-content\/uploads\/2026\/02\/IMG_0165-scaled.jpg\"\/><\/div><\/div><div class=\"eb-slider-item content-1\" data-src=\"http:\/\/altura-gestion.fr\/wp-content\/uploads\/2026\/02\/IMG_0173-scaled.jpg\"><div><img class=\"eb-slider-image\" data-lazy=\"http:\/\/altura-gestion.fr\/wp-content\/uploads\/2026\/02\/IMG_0173-scaled.jpg\"\/><\/div><\/div><\/div><\/div><\/div><\/div>\n\n\n\n<div class=\"wp-block-essential-blocks-advanced-heading animation-4abb4926-9ff9-4587-a449-37bc59c34719  root-eb-advance-heading-t4ct4\"><div class=\"eb-parent-wrapper eb-parent-eb-advance-heading-t4ct4 \"><div class=\"eb-advance-heading-wrapper eb-advance-heading-t4ct4 button-1 undefined\" data-id=\"eb-advance-heading-t4ct4\"><h2 class=\"eb-ah-title\"><span class=\"first-title\">T2 de 50m2 situ\u00e9 au pied du tramway Romarin \u00e0 l\u2019entr\u00e9e de Lille ! <\/span><\/h2><\/div><\/div><\/div>\n\n\n\n<p><br>T2 lumineux de 50m2 situ\u00e9 3 avenue Louise \u00e0 La Madeleine. Cet appartement est compos\u00e9 d\u2019une entr\u00e9e, d\u2019une pi\u00e8ce de vie lumineuse de 25m2, d\u2019une cuisine s\u00e9par\u00e9e am\u00e9nag\u00e9e et \u00e9quip\u00e9e (plaques, four, meubles hauts et bas). Une grande chambre avec placards se situe au calme \u00e0 l&rsquo;arri\u00e8re de l&rsquo;immeuble. Une salle de bain avec baignoire, meuble vasque et branchements machine \u00e0 laver, et des WC s\u00e9par\u00e9s.<\/p>\n\n\n\n<p>Honoraires :\u00a013\u20ac\/m2\u00a0 \u00a0 D\u00e9p\u00f4t de garantie : 680\u20ac<\/p>\n\n\n\n<p>Loyer : 680\u20ac <br>Charges : 60\u20ac (eau froide, entretien de la chaudi\u00e8re et entretien des parties communes)<\/p>\n\n\n\n<p>Disponible de suite.<\/p>\n\n\n\n<p>Les informations sur les risques auxquels ce bien est expos\u00e9 sont disponibles sur le site G\u00e9orisques&nbsp;<a href=\"https:\/\/www.georisques.gouv.fr\/\" target=\"_blank\" rel=\"noreferrer noopener\">https:\/\/www.georisques.gouv.fr\/<\/a><\/p>\n\n\n<style>.kadence-column2294_6f9c40-be > .kt-inside-inner-col,.kadence-column2294_6f9c40-be > .kt-inside-inner-col:before{border-top-left-radius:0px;border-top-right-radius:0px;border-bottom-right-radius:0px;border-bottom-left-radius:0px;}.kadence-column2294_6f9c40-be > .kt-inside-inner-col{column-gap:var(--global-kb-gap-sm, 1rem);}.kadence-column2294_6f9c40-be > .kt-inside-inner-col{flex-direction:column;}.kadence-column2294_6f9c40-be > .kt-inside-inner-col > .aligncenter{width:100%;}.kadence-column2294_6f9c40-be > .kt-inside-inner-col:before{opacity:0.3;}.kadence-column2294_6f9c40-be{position:relative;}@media all and (max-width: 1024px){.kadence-column2294_6f9c40-be > .kt-inside-inner-col{flex-direction:column;justify-content:center;}}@media all and (max-width: 767px){.kadence-column2294_6f9c40-be > .kt-inside-inner-col{flex-direction:column;justify-content:center;}}<\/style>\n<div class=\"wp-block-kadence-column kadence-column2294_6f9c40-be\"><div class=\"kt-inside-inner-col\"><style>.kb-row-layout-id2294_4a57fa-54 > .kt-row-column-wrap{align-content:start;}:where(.kb-row-layout-id2294_4a57fa-54 > .kt-row-column-wrap) > .wp-block-kadence-column{justify-content:start;}.kb-row-layout-id2294_4a57fa-54 > .kt-row-column-wrap{column-gap:var(--global-kb-gap-md, 2rem);row-gap:var(--global-kb-gap-md, 2rem);padding-top:var(--global-kb-spacing-sm, 1.5rem);padding-bottom:var(--global-kb-spacing-sm, 1.5rem);grid-template-columns:repeat(2, minmax(0, 1fr));}.kb-row-layout-id2294_4a57fa-54 > .kt-row-layout-overlay{opacity:0.30;}@media all and (max-width: 1024px){.kb-row-layout-id2294_4a57fa-54 > .kt-row-column-wrap{grid-template-columns:repeat(2, minmax(0, 1fr));}}@media all and (max-width: 767px){.kb-row-layout-id2294_4a57fa-54 > .kt-row-column-wrap{grid-template-columns:minmax(0, 1fr);}}<\/style><div class=\"kb-row-layout-wrap kb-row-layout-id2294_4a57fa-54 alignnone wp-block-kadence-rowlayout\"><div class=\"kt-row-column-wrap kt-has-2-columns kt-row-layout-equal kt-tab-layout-inherit kt-mobile-layout-row kt-row-valign-top\">\n<style>.kadence-column2294_7f6cb2-85 > .kt-inside-inner-col,.kadence-column2294_7f6cb2-85 > .kt-inside-inner-col:before{border-top-left-radius:0px;border-top-right-radius:0px;border-bottom-right-radius:0px;border-bottom-left-radius:0px;}.kadence-column2294_7f6cb2-85 > .kt-inside-inner-col{column-gap:var(--global-kb-gap-sm, 1rem);}.kadence-column2294_7f6cb2-85 > .kt-inside-inner-col{flex-direction:column;}.kadence-column2294_7f6cb2-85 > .kt-inside-inner-col > .aligncenter{width:100%;}.kadence-column2294_7f6cb2-85 > .kt-inside-inner-col:before{opacity:0.3;}.kadence-column2294_7f6cb2-85{position:relative;}@media all and (max-width: 1024px){.kadence-column2294_7f6cb2-85 > .kt-inside-inner-col{flex-direction:column;justify-content:center;}}@media all and (max-width: 767px){.kadence-column2294_7f6cb2-85 > .kt-inside-inner-col{flex-direction:column;justify-content:center;}}<\/style>\n<div class=\"wp-block-kadence-column kadence-column2294_7f6cb2-85\"><div class=\"kt-inside-inner-col\">\n<p class=\"has-text-align-center has-text-color has-link-color wp-elements-3e7414cddc0f2e7b4c65073af371edf1\" style=\"color:#8a8a8a\">Diagnostic de performance \u00e9nerg\u00e9tique <\/p>\n\n\n<div class=\"wp-block-image\">\n<figure class=\"aligncenter size-full is-resized\"><img fetchpriority=\"high\" decoding=\"async\" width=\"356\" height=\"350\" src=\"http:\/\/altura-gestion.fr\/wp-content\/uploads\/2025\/02\/Capture-decran-2024-03-18-a-16.50.09.png\" alt=\"\" class=\"wp-image-1702\" style=\"width:175px\" srcset=\"https:\/\/altura-gestion.fr\/wp-content\/uploads\/2025\/02\/Capture-decran-2024-03-18-a-16.50.09.png 356w, https:\/\/altura-gestion.fr\/wp-content\/uploads\/2025\/02\/Capture-decran-2024-03-18-a-16.50.09-300x295.png 300w\" sizes=\"(max-width: 356px) 100vw, 356px\" \/><\/figure>\n<\/div><\/div><\/div>\n\n\n<style>.kadence-column2294_8f9964-b5 > .kt-inside-inner-col,.kadence-column2294_8f9964-b5 > .kt-inside-inner-col:before{border-top-left-radius:0px;border-top-right-radius:0px;border-bottom-right-radius:0px;border-bottom-left-radius:0px;}.kadence-column2294_8f9964-b5 > .kt-inside-inner-col{column-gap:var(--global-kb-gap-sm, 1rem);}.kadence-column2294_8f9964-b5 > .kt-inside-inner-col{flex-direction:column;}.kadence-column2294_8f9964-b5 > .kt-inside-inner-col > .aligncenter{width:100%;}.kadence-column2294_8f9964-b5 > .kt-inside-inner-col:before{opacity:0.3;}.kadence-column2294_8f9964-b5{position:relative;}@media all and (max-width: 1024px){.kadence-column2294_8f9964-b5 > .kt-inside-inner-col{flex-direction:column;justify-content:center;}}@media all and (max-width: 767px){.kadence-column2294_8f9964-b5 > .kt-inside-inner-col{flex-direction:column;justify-content:center;}}<\/style>\n<div class=\"wp-block-kadence-column kadence-column2294_8f9964-b5\"><div class=\"kt-inside-inner-col\">\n<p class=\"has-text-align-center has-text-color has-link-color wp-elements-8740bd29f48430a73dfc66f6f3650f2a\" style=\"color:#8a8a8a\">Indice d&rsquo;\u00e9mission de gaz \u00e0 effet de serre<\/p>\n\n\n<div class=\"wp-block-image\">\n<figure class=\"aligncenter size-full is-resized\"><img fetchpriority=\"high\" decoding=\"async\" width=\"356\" height=\"350\" src=\"http:\/\/altura-gestion.fr\/wp-content\/uploads\/2025\/02\/Capture-decran-2024-03-18-a-16.50.09.png\" alt=\"\" class=\"wp-image-1702\" style=\"width:175px\" srcset=\"https:\/\/altura-gestion.fr\/wp-content\/uploads\/2025\/02\/Capture-decran-2024-03-18-a-16.50.09.png 356w, https:\/\/altura-gestion.fr\/wp-content\/uploads\/2025\/02\/Capture-decran-2024-03-18-a-16.50.09-300x295.png 300w\" sizes=\"(max-width: 356px) 100vw, 356px\" \/><\/figure>\n<\/div><\/div><\/div>\n\n<\/div><\/div><\/div><\/div>\n","protected":false},"excerpt":{"rendered":"<p>T2 lumineux de 50m2 situ\u00e9 3 avenue Louise \u00e0 La Madeleine. Cet appartement est compos\u00e9 d\u2019une entr\u00e9e, d\u2019une pi\u00e8ce de vie lumineuse de 25m2, d\u2019une cuisine s\u00e9par\u00e9e am\u00e9nag\u00e9e et \u00e9quip\u00e9e (plaques, four, meubles hauts et bas). Une grande chambre avec placards se situe au calme \u00e0 l&rsquo;arri\u00e8re de l&rsquo;immeuble. Une salle de bain avec baignoire,&#8230;<\/p>\n","protected":false},"author":1,"featured_media":0,"parent":0,"menu_order":0,"comment_status":"closed","ping_status":"closed","template":"","meta":{"_eb_attr":"","_kad_post_transparent":"","_kad_post_title":"hide","_kad_post_layout":"","_kad_post_sidebar_id":"","_kad_post_content_style":"","_kad_post_vertical_padding":"","_kad_post_feature":"","_kad_post_feature_position":"","_kad_post_header":false,"_kad_post_footer":false,"_advanced_animation_props":"{}","_advanced_custom_css":"","footnotes":""},"class_list":["post-2294","page","type-page","status-publish","hentry"],"_links":{"self":[{"href":"https:\/\/altura-gestion.fr\/index.php\/wp-json\/wp\/v2\/pages\/2294","targetHints":{"allow":["GET"]}}],"collection":[{"href":"https:\/\/altura-gestion.fr\/index.php\/wp-json\/wp\/v2\/pages"}],"about":[{"href":"https:\/\/altura-gestion.fr\/index.php\/wp-json\/wp\/v2\/types\/page"}],"author":[{"embeddable":true,"href":"https:\/\/altura-gestion.fr\/index.php\/wp-json\/wp\/v2\/users\/1"}],"replies":[{"embeddable":true,"href":"https:\/\/altura-gestion.fr\/index.php\/wp-json\/wp\/v2\/comments?post=2294"}],"version-history":[{"count":2,"href":"https:\/\/altura-gestion.fr\/index.php\/wp-json\/wp\/v2\/pages\/2294\/revisions"}],"predecessor-version":[{"id":2296,"href":"https:\/\/altura-gestion.fr\/index.php\/wp-json\/wp\/v2\/pages\/2294\/revisions\/2296"}],"wp:attachment":[{"href":"https:\/\/altura-gestion.fr\/index.php\/wp-json\/wp\/v2\/media?parent=2294"}],"curies":[{"name":"wp","href":"https:\/\/api.w.org\/{rel}","templated":true}]}}