{"id":1850,"date":"2025-05-15T15:39:03","date_gmt":"2025-05-15T13:39:03","guid":{"rendered":"https:\/\/altura-gestion.fr\/?page_id=1850"},"modified":"2026-03-30T14:57:12","modified_gmt":"2026-03-30T12:57:12","slug":"518-avenue-de-la-republique-marcq-en-baroeul","status":"publish","type":"page","link":"https:\/\/altura-gestion.fr\/index.php\/518-avenue-de-la-republique-marcq-en-baroeul\/","title":{"rendered":"518 avenue de la R\u00e9publique, MARCQ-EN-BAROEUL"},"content":{"rendered":"\n<div class=\"wp-block-essential-blocks-slider root-eb-slider-kwodw\"><div class=\"eb-parent-wrapper eb-parent-eb-slider-kwodw \"><div class=\"eb-slider-wrapper eb-slider-kwodw\" data-blockid=\"eb-slider-kwodw\" data-version=\"v4\" data-settings=\"eyJhcnJvd3MiOnRydWUsImFkYXB0aXZlSGVpZ2h0Ijp0cnVlLCJhdXRvcGxheSI6dHJ1ZSwiYXV0b3BsYXlTcGVlZCI6NjAwMCwiZG90cyI6dHJ1ZSwiZmFkZSI6ZmFsc2UsImluZmluaXRlIjp0cnVlLCJwYXVzZU9uSG92ZXIiOnRydWUsInNsaWRlc1RvU2hvdyI6MSwic3BlZWQiOjUwMCwidmVydGljYWwiOmZhbHNlLCJjdXJyZW50U2xpZGUiOjAsInJ0bCI6ZmFsc2UsInJlc3BvbnNpdmUiOlt7ImJyZWFrcG9pbnQiOjEwMjUsInNldHRpbmdzIjp7InNsaWRlc1RvU2hvdyI6MX19LHsiYnJlYWtwb2ludCI6NzY3LCJzZXR0aW5ncyI6eyJzbGlkZXNUb1Nob3ciOjF9fV19\" data-arrownexticon=\"fas fa-chevron-right\" data-arrowprevicon=\"fas fa-chevron-left\" data-lightbox=\"false\"><div class=\"eb-slider-init eb-slider-type-image\"><div class=\"eb-slider-item content-1\" data-src=\"http:\/\/altura-gestion.fr\/wp-content\/uploads\/2026\/03\/IMG_1151-scaled.jpg\"><div><img class=\"eb-slider-image\" data-lazy=\"http:\/\/altura-gestion.fr\/wp-content\/uploads\/2026\/03\/IMG_1151-scaled.jpg\"\/><\/div><\/div><div class=\"eb-slider-item content-1\" data-src=\"http:\/\/altura-gestion.fr\/wp-content\/uploads\/2026\/03\/IMG_1136-scaled.jpg\"><div><img class=\"eb-slider-image\" data-lazy=\"http:\/\/altura-gestion.fr\/wp-content\/uploads\/2026\/03\/IMG_1136-scaled.jpg\"\/><\/div><\/div><div class=\"eb-slider-item content-1\" data-src=\"http:\/\/altura-gestion.fr\/wp-content\/uploads\/2026\/03\/IMG_1092-scaled.jpg\"><div><img class=\"eb-slider-image\" data-lazy=\"http:\/\/altura-gestion.fr\/wp-content\/uploads\/2026\/03\/IMG_1092-scaled.jpg\"\/><\/div><\/div><div class=\"eb-slider-item content-1\" data-src=\"http:\/\/altura-gestion.fr\/wp-content\/uploads\/2026\/03\/IMG_1117-scaled.jpg\"><div><img class=\"eb-slider-image\" data-lazy=\"http:\/\/altura-gestion.fr\/wp-content\/uploads\/2026\/03\/IMG_1117-scaled.jpg\"\/><\/div><\/div><div class=\"eb-slider-item content-1\" data-src=\"http:\/\/altura-gestion.fr\/wp-content\/uploads\/2026\/03\/IMG_1126-scaled.jpg\"><div><img class=\"eb-slider-image\" data-lazy=\"http:\/\/altura-gestion.fr\/wp-content\/uploads\/2026\/03\/IMG_1126-scaled.jpg\"\/><\/div><\/div><\/div><\/div><\/div><\/div>\n\n\n\n<div class=\"wp-block-essential-blocks-advanced-heading animation-4abb4926-9ff9-4587-a449-37bc59c34719  root-eb-advance-heading-t4ct4\"><div class=\"eb-parent-wrapper eb-parent-eb-advance-heading-t4ct4 \"><div class=\"eb-advance-heading-wrapper eb-advance-heading-t4ct4 button-1 undefined\" data-id=\"eb-advance-heading-t4ct4\"><h2 class=\"eb-ah-title\"><span class=\"first-title\"><br>Splendide T3bis meubl\u00e9 avec parking \u00e0 Marcq-en-Baroeul !<\/span><\/h2><\/div><\/div><\/div>\n\n\n\n<p><br>Tr\u00e8s beau T3bis meubl\u00e9 de 120m2 situ\u00e9 avenue de la R\u00e9publique \u00e0 Marcq-en-Baroeul, au pied du tramway Saint Maur. Cet appartement au 2\u00e8me \u00e9tage avec ascenseur, est compos\u00e9 d&rsquo;une grande entr\u00e9e avec placards, d&rsquo;un double salon\/s\u00e9jour lumineux, d&rsquo;une grande cuisine semi-ouverte enti\u00e8rement am\u00e9nag\u00e9e et \u00e9quip\u00e9e (plaques, four, micro-onde, frigo, cong\u00e9lateur, lave-vaisselle). Une grande chambre parentale avec dressing, une deuxi\u00e8me chambre avec beaucoup de rangements et une troisi\u00e8me pi\u00e8ce pouvant faire office de bureau. Une belle salle de bain avec baignoire, douche \u00e0 l&rsquo;italienne et meuble vasque. Enfin, un espace buanderie avec machine \u00e0 laver, s\u00e8che linge et des WC s\u00e9par\u00e9s.<br><br>Une place de stationnement vient compl\u00e9ter ce bien !<br><br>Le loyer inclus toutes les charges : eau froide, eau chaude, \u00e9lectricit\u00e9, chauffage, boxe internet.<\/p>\n\n\n\n<p>Honoraires :\u00a013\u20ac\/m2\u00a0 \u00a0 D\u00e9p\u00f4t de garantie : 4 200\u20ac<\/p>\n\n\n\n<p>Loyer toutes charges comprises : 2 100\u20ac<\/p>\n\n\n\n<p>Disponibilit\u00e9 : 30\/04\/2026.<\/p>\n\n\n\n<p>Les informations sur les risques auxquels ce bien est expos\u00e9 sont disponibles sur le site G\u00e9orisques&nbsp;<a href=\"https:\/\/www.georisques.gouv.fr\/\" target=\"_blank\" rel=\"noreferrer noopener\">https:\/\/www.georisques.gouv.fr\/<\/a><\/p>\n\n\n<style>.kadence-column1850_4f1d89-6e > .kt-inside-inner-col,.kadence-column1850_4f1d89-6e > .kt-inside-inner-col:before{border-top-left-radius:0px;border-top-right-radius:0px;border-bottom-right-radius:0px;border-bottom-left-radius:0px;}.kadence-column1850_4f1d89-6e > .kt-inside-inner-col{column-gap:var(--global-kb-gap-sm, 1rem);}.kadence-column1850_4f1d89-6e > .kt-inside-inner-col{flex-direction:column;}.kadence-column1850_4f1d89-6e > .kt-inside-inner-col > .aligncenter{width:100%;}.kadence-column1850_4f1d89-6e > .kt-inside-inner-col:before{opacity:0.3;}.kadence-column1850_4f1d89-6e{position:relative;}@media all and (max-width: 1024px){.kadence-column1850_4f1d89-6e > .kt-inside-inner-col{flex-direction:column;justify-content:center;}}@media all and (max-width: 767px){.kadence-column1850_4f1d89-6e > .kt-inside-inner-col{flex-direction:column;justify-content:center;}}<\/style>\n<div class=\"wp-block-kadence-column kadence-column1850_4f1d89-6e\"><div class=\"kt-inside-inner-col\"><style>.kb-row-layout-id1850_6f5769-94 > .kt-row-column-wrap{align-content:start;}:where(.kb-row-layout-id1850_6f5769-94 > .kt-row-column-wrap) > .wp-block-kadence-column{justify-content:start;}.kb-row-layout-id1850_6f5769-94 > .kt-row-column-wrap{column-gap:var(--global-kb-gap-md, 2rem);row-gap:var(--global-kb-gap-md, 2rem);padding-top:var(--global-kb-spacing-sm, 1.5rem);padding-bottom:var(--global-kb-spacing-sm, 1.5rem);grid-template-columns:repeat(2, minmax(0, 1fr));}.kb-row-layout-id1850_6f5769-94 > .kt-row-layout-overlay{opacity:0.30;}@media all and (max-width: 1024px){.kb-row-layout-id1850_6f5769-94 > .kt-row-column-wrap{grid-template-columns:repeat(2, minmax(0, 1fr));}}@media all and (max-width: 767px){.kb-row-layout-id1850_6f5769-94 > .kt-row-column-wrap{grid-template-columns:minmax(0, 1fr);}}<\/style><div class=\"kb-row-layout-wrap kb-row-layout-id1850_6f5769-94 alignnone wp-block-kadence-rowlayout\"><div class=\"kt-row-column-wrap kt-has-2-columns kt-row-layout-equal kt-tab-layout-inherit kt-mobile-layout-row kt-row-valign-top\">\n<style>.kadence-column1850_c8ddf8-21 > .kt-inside-inner-col,.kadence-column1850_c8ddf8-21 > .kt-inside-inner-col:before{border-top-left-radius:0px;border-top-right-radius:0px;border-bottom-right-radius:0px;border-bottom-left-radius:0px;}.kadence-column1850_c8ddf8-21 > .kt-inside-inner-col{column-gap:var(--global-kb-gap-sm, 1rem);}.kadence-column1850_c8ddf8-21 > .kt-inside-inner-col{flex-direction:column;}.kadence-column1850_c8ddf8-21 > .kt-inside-inner-col > .aligncenter{width:100%;}.kadence-column1850_c8ddf8-21 > .kt-inside-inner-col:before{opacity:0.3;}.kadence-column1850_c8ddf8-21{position:relative;}@media all and (max-width: 1024px){.kadence-column1850_c8ddf8-21 > .kt-inside-inner-col{flex-direction:column;justify-content:center;}}@media all and (max-width: 767px){.kadence-column1850_c8ddf8-21 > .kt-inside-inner-col{flex-direction:column;justify-content:center;}}<\/style>\n<div class=\"wp-block-kadence-column kadence-column1850_c8ddf8-21\"><div class=\"kt-inside-inner-col\">\n<p class=\"has-text-align-center has-text-color has-link-color wp-elements-3ffe3657a20c776a7500bf451b2da8a2\" style=\"color:#8a8a8a\">Diagnostic de performance \u00e9nerg\u00e9tique<\/p>\n\n\n<div class=\"wp-block-image\">\n<figure class=\"aligncenter size-full is-resized\"><img fetchpriority=\"high\" decoding=\"async\" width=\"334\" height=\"346\" src=\"http:\/\/altura-gestion.fr\/wp-content\/uploads\/2024\/03\/Capture-decran-2024-03-18-a-16.50.00.png\" alt=\"\" class=\"wp-image-843\" style=\"width:175px\" srcset=\"https:\/\/altura-gestion.fr\/wp-content\/uploads\/2024\/03\/Capture-decran-2024-03-18-a-16.50.00.png 334w, https:\/\/altura-gestion.fr\/wp-content\/uploads\/2024\/03\/Capture-decran-2024-03-18-a-16.50.00-290x300.png 290w\" sizes=\"(max-width: 334px) 100vw, 334px\" \/><\/figure>\n<\/div><\/div><\/div>\n\n\n<style>.kadence-column1850_3145c9-6d > .kt-inside-inner-col,.kadence-column1850_3145c9-6d > .kt-inside-inner-col:before{border-top-left-radius:0px;border-top-right-radius:0px;border-bottom-right-radius:0px;border-bottom-left-radius:0px;}.kadence-column1850_3145c9-6d > .kt-inside-inner-col{column-gap:var(--global-kb-gap-sm, 1rem);}.kadence-column1850_3145c9-6d > .kt-inside-inner-col{flex-direction:column;}.kadence-column1850_3145c9-6d > .kt-inside-inner-col > .aligncenter{width:100%;}.kadence-column1850_3145c9-6d > .kt-inside-inner-col:before{opacity:0.3;}.kadence-column1850_3145c9-6d{position:relative;}@media all and (max-width: 1024px){.kadence-column1850_3145c9-6d > .kt-inside-inner-col{flex-direction:column;justify-content:center;}}@media all and (max-width: 767px){.kadence-column1850_3145c9-6d > .kt-inside-inner-col{flex-direction:column;justify-content:center;}}<\/style>\n<div class=\"wp-block-kadence-column kadence-column1850_3145c9-6d\"><div class=\"kt-inside-inner-col\">\n<p class=\"has-text-align-center has-text-color has-link-color wp-elements-7d16f7fed20d44957544045cb654a55e\" style=\"color:#8a8a8a\">Indice d&rsquo;\u00e9mission de gaz \u00e0 effet de serre<\/p>\n\n\n<div class=\"wp-block-image\">\n<figure class=\"aligncenter size-full is-resized\"><img decoding=\"async\" width=\"334\" height=\"346\" src=\"http:\/\/altura-gestion.fr\/wp-content\/uploads\/2024\/03\/Capture-decran-2024-03-18-a-16.50.00.png\" alt=\"\" class=\"wp-image-843\" style=\"width:175px;height:auto\" srcset=\"https:\/\/altura-gestion.fr\/wp-content\/uploads\/2024\/03\/Capture-decran-2024-03-18-a-16.50.00.png 334w, https:\/\/altura-gestion.fr\/wp-content\/uploads\/2024\/03\/Capture-decran-2024-03-18-a-16.50.00-290x300.png 290w\" sizes=\"(max-width: 334px) 100vw, 334px\" \/><\/figure>\n<\/div><\/div><\/div>\n\n<\/div><\/div><\/div><\/div>\n","protected":false},"excerpt":{"rendered":"<p>Tr\u00e8s beau T3bis meubl\u00e9 de 120m2 situ\u00e9 avenue de la R\u00e9publique \u00e0 Marcq-en-Baroeul, au pied du tramway Saint Maur. Cet appartement au 2\u00e8me \u00e9tage avec ascenseur, est compos\u00e9 d&rsquo;une grande entr\u00e9e avec placards, d&rsquo;un double salon\/s\u00e9jour lumineux, d&rsquo;une grande cuisine semi-ouverte enti\u00e8rement am\u00e9nag\u00e9e et \u00e9quip\u00e9e (plaques, four, micro-onde, frigo, cong\u00e9lateur, lave-vaisselle). Une grande chambre parentale&#8230;<\/p>\n","protected":false},"author":1,"featured_media":0,"parent":0,"menu_order":0,"comment_status":"closed","ping_status":"closed","template":"","meta":{"_eb_attr":"","_kad_post_transparent":"","_kad_post_title":"hide","_kad_post_layout":"","_kad_post_sidebar_id":"","_kad_post_content_style":"","_kad_post_vertical_padding":"","_kad_post_feature":"","_kad_post_feature_position":"","_kad_post_header":false,"_kad_post_footer":false,"_advanced_animation_props":"{}","_advanced_custom_css":"","footnotes":""},"class_list":["post-1850","page","type-page","status-publish","hentry"],"_links":{"self":[{"href":"https:\/\/altura-gestion.fr\/index.php\/wp-json\/wp\/v2\/pages\/1850","targetHints":{"allow":["GET"]}}],"collection":[{"href":"https:\/\/altura-gestion.fr\/index.php\/wp-json\/wp\/v2\/pages"}],"about":[{"href":"https:\/\/altura-gestion.fr\/index.php\/wp-json\/wp\/v2\/types\/page"}],"author":[{"embeddable":true,"href":"https:\/\/altura-gestion.fr\/index.php\/wp-json\/wp\/v2\/users\/1"}],"replies":[{"embeddable":true,"href":"https:\/\/altura-gestion.fr\/index.php\/wp-json\/wp\/v2\/comments?post=1850"}],"version-history":[{"count":12,"href":"https:\/\/altura-gestion.fr\/index.php\/wp-json\/wp\/v2\/pages\/1850\/revisions"}],"predecessor-version":[{"id":2347,"href":"https:\/\/altura-gestion.fr\/index.php\/wp-json\/wp\/v2\/pages\/1850\/revisions\/2347"}],"wp:attachment":[{"href":"https:\/\/altura-gestion.fr\/index.php\/wp-json\/wp\/v2\/media?parent=1850"}],"curies":[{"name":"wp","href":"https:\/\/api.w.org\/{rel}","templated":true}]}}