{"id":127,"date":"2024-03-01T19:45:49","date_gmt":"2024-03-01T18:45:49","guid":{"rendered":"https:\/\/altura-gestion.fr\/?page_id=127"},"modified":"2024-03-11T14:42:24","modified_gmt":"2024-03-11T13:42:24","slug":"tarifs","status":"publish","type":"page","link":"https:\/\/altura-gestion.fr\/index.php\/tarifs\/","title":{"rendered":"Mettre mon bien en location"},"content":{"rendered":"\n<p class=\"has-text-color has-link-color has-medium-font-size animation-12dc28b2-1c6d-4941-9d74-e3d3fb89ac58 wp-elements-122bab430844afd832abcd1da35df6df\" style=\"color:#50b5da;font-style:normal;font-weight:300\"><strong>Votre tranquillit\u00e9, notre priorit\u00e9 !<\/strong><\/p>\n\n\n\n<p class=\"\" style=\"font-style:normal;font-weight:300\">Vous \u00eates propri\u00e9taire d\u2019un bien que vous souhaitez mettre en location ? Altura Gestion prend en charge pour vous, la recherche de locataire !&nbsp;<\/p>\n\n\n\n<p class=\"\" style=\"font-style:normal;font-weight:300\">De l\u2019estimation de la valeur locative \u00e0 l\u2019entr\u00e9e dans les lieux de votre futur locataire, nous nous chargeons de toutes les \u00e9tapes du processus. Profitez d\u2019un service efficace et personnalis\u00e9, et laissez-moi vous aider \u00e0 maximiser la rentabilit\u00e9 de votre investissement.<\/p>\n\n\n\n<p class=\"\"><strong><em>Que comprend notre mandat de location ?<\/em><\/strong><\/p>\n\n\n\n<figure class=\"wp-block-image size-full is-resized\"><img fetchpriority=\"high\" decoding=\"async\" width=\"360\" height=\"140\" src=\"https:\/\/altura-gestion.fr\/wp-content\/uploads\/2024\/03\/Capture-decran-2024-03-07-a-16.16.16.png\" alt=\"\" class=\"wp-image-320\" style=\"width:159px;height:auto\" srcset=\"https:\/\/altura-gestion.fr\/wp-content\/uploads\/2024\/03\/Capture-decran-2024-03-07-a-16.16.16.png 360w, https:\/\/altura-gestion.fr\/wp-content\/uploads\/2024\/03\/Capture-decran-2024-03-07-a-16.16.16-300x117.png 300w\" sizes=\"(max-width: 360px) 100vw, 360px\" \/><\/figure>\n\n\n\n<ul class=\"wp-block-list\">\n<li class=\"\" style=\"font-style:normal;font-weight:300\">Estimation locative<\/li>\n\n\n\n<li class=\"\" style=\"font-style:normal;font-weight:300\">Conseil pour optimiser la mise en location<\/li>\n\n\n\n<li class=\"\" style=\"font-style:normal;font-weight:300\">Mise en publicit\u00e9 du biens sur plusieurs sites d\u00e9di\u00e9s.<\/li>\n\n\n\n<li class=\"\" style=\"font-style:normal;font-weight:300\">Pr\u00e9-s\u00e9lection des candidats locataires.<\/li>\n\n\n\n<li class=\"\" style=\"font-style:normal;font-weight:300\">Visites.<\/li>\n\n\n\n<li class=\"\" style=\"font-style:normal;font-weight:300\">\u00c9tude du dossier et v\u00e9rification de sa solvabilit\u00e9 financi\u00e8re.<\/li>\n\n\n\n<li class=\"\" style=\"font-style:normal;font-weight:300\">R\u00e9daction et signature du bail.<\/li>\n\n\n\n<li class=\"\" style=\"font-style:normal;font-weight:300\">R\u00e9alisation de l\u2019\u00e9tat des lieux d\u2019entr\u00e9e.<\/li>\n<\/ul>\n\n\n<div class=\"wp-block-image\">\n<figure class=\"aligncenter size-full is-resized position-8f040390-a806-4965-8473-6276c90b0e3f\"><img decoding=\"async\" width=\"810\" height=\"342\" src=\"https:\/\/altura-gestion.fr\/wp-content\/uploads\/2024\/03\/Capture-decran-2024-03-08-a-12.09.33.png\" alt=\"\" class=\"wp-image-426\" style=\"width:368px;height:auto\" srcset=\"https:\/\/altura-gestion.fr\/wp-content\/uploads\/2024\/03\/Capture-decran-2024-03-08-a-12.09.33.png 810w, https:\/\/altura-gestion.fr\/wp-content\/uploads\/2024\/03\/Capture-decran-2024-03-08-a-12.09.33-300x127.png 300w, https:\/\/altura-gestion.fr\/wp-content\/uploads\/2024\/03\/Capture-decran-2024-03-08-a-12.09.33-768x324.png 768w\" sizes=\"(max-width: 810px) 100vw, 810px\" \/><\/figure>\n<\/div>","protected":false},"excerpt":{"rendered":"<p>Votre tranquillit\u00e9, notre priorit\u00e9 ! Vous \u00eates propri\u00e9taire d\u2019un bien que vous souhaitez mettre en location ? Altura Gestion prend en charge pour vous, la recherche de locataire !&nbsp; De l\u2019estimation de la valeur locative \u00e0 l\u2019entr\u00e9e dans les lieux de votre futur locataire, nous nous chargeons de toutes les \u00e9tapes du processus. Profitez d\u2019un&#8230;<\/p>\n","protected":false},"author":2,"featured_media":0,"parent":0,"menu_order":0,"comment_status":"closed","ping_status":"closed","template":"","meta":{"_eb_attr":"","_kad_post_transparent":"","_kad_post_title":"hide","_kad_post_layout":"normal","_kad_post_sidebar_id":"","_kad_post_content_style":"unboxed","_kad_post_vertical_padding":"","_kad_post_feature":"","_kad_post_feature_position":"","_kad_post_header":false,"_kad_post_footer":false,"_advanced_animation_props":"{\"animations\":{\"fade-in\":{\"id\":\"fade-in\",\"name\":\"fade in\",\"keyframes\":{\"0%\":{\"transform\":{},\"opacity\":\"0%\"},\"100%\":{\"transform\":{},\"opacity\":\"100%\"}}},\"fade-in-left\":{\"id\":\"fade-in-left\",\"name\":\"fade in left\",\"keyframes\":{\"0%\":{\"transform\":{\"translateX\":\"50px\"},\"opacity\":\"0%\"},\"100%\":{\"transform\":{\"translateX\":\"0px\"},\"opacity\":\"100%\"}}},\"fade-in-right\":{\"id\":\"fade-in-right\",\"name\":\"fade in right\",\"keyframes\":{\"0%\":{\"transform\":{\"translateX\":\"-50px\"},\"opacity\":\"0%\"},\"100%\":{\"transform\":{\"translateX\":\"0px\"},\"opacity\":\"100%\"}}},\"fade-in-top\":{\"id\":\"fade-in-top\",\"name\":\"fade in top\",\"keyframes\":{\"0%\":{\"transform\":{\"translateY\":\"50px\"},\"opacity\":\"0%\"},\"100%\":{\"transform\":{\"translateY\":\"0px\"},\"opacity\":\"100%\"}}},\"fade-in-down\":{\"id\":\"fade-in-down\",\"name\":\"fade in down\",\"keyframes\":{\"0%\":{\"transform\":{\"translateY\":\"-50px\"},\"opacity\":\"0%\"},\"100%\":{\"transform\":{\"translateY\":\"0px\"},\"opacity\":\"100%\"}}},\"zoom-in\":{\"id\":\"zoom-in\",\"name\":\"zoom in\",\"keyframes\":{\"0%\":{\"transform\":{\"scale\":\"70%\"},\"opacity\":\"0%\"},\"100%\":{\"transform\":{\"scale\":\"100%\"},\"opacity\":\"100%\"}}},\"zoom-out\":{\"id\":\"zoom-out\",\"name\":\"zoom out\",\"keyframes\":{\"0%\":{\"transform\":{\"scale\":\"130%\"},\"opacity\":\"0%\"},\"100%\":{\"transform\":{\"scale\":\"100%\"},\"opacity\":\"100%\"}}},\"scale-up\":{\"id\":\"scale-up\",\"name\":\"scale up\",\"keyframes\":{\"0%\":{\"transform\":{\"scale\":\"100%\"}},\"100%\":{\"transform\":{\"scale\":\"120%\"}}}},\"scale-down\":{\"id\":\"scale-down\",\"name\":\"scale down\",\"keyframes\":{\"0%\":{\"transform\":{\"scale\":\"100%\"}},\"100%\":{\"transform\":{\"scale\":\"80%\"}}}},\"clip-from-left\":{\"id\":\"clip-from-left\",\"name\":\"reveal from left\",\"keyframes\":{\"0%\":{\"clip-path\":\"inset(0% 100% 0% 0%)\"},\"100%\":{\"clip-path\":\"inset(0% 0% 0% 0%)\"}}},\"clip-from-right\":{\"id\":\"clip-from-right\",\"name\":\"reveal from right\",\"keyframes\":{\"0%\":{\"clip-path\":\"inset(0% 0% 0% 100%)\"},\"100%\":{\"clip-path\":\"inset(0% 0% 0% 0%)\"}}},\"clip-from-top\":{\"id\":\"clip-from-top\",\"name\":\"reveal from top\",\"keyframes\":{\"0%\":{\"clip-path\":\"inset(0% 0% 100% 0%)\"},\"100%\":{\"clip-path\":\"inset(0% 0% 0% 0%)\"}}},\"clip-from-bottom\":{\"id\":\"clip-from-bottom\",\"name\":\"reveal from bottom\",\"keyframes\":{\"0%\":{\"clip-path\":\"inset(100% 0% 0% 0%)\"},\"100%\":{\"clip-path\":\"inset(0% 0% 0% 0%)\"}}},\"text-rotate-intro\":{\"id\":\"text-rotate-intro\",\"name\":\"text rotate intro\",\"keyframes\":{\"0%\":{\"transform\":{\"rotate\":\"-10deg\",\"rotateX\":\"75deg\",\"rotateY\":\"0deg\"},\"opacity\":\"0%\"},\"100%\":{\"transform\":{\"rotate\":\"0deg\",\"rotateX\":\"0deg\",\"rotateY\":\"0deg\"},\"opacity\":\"100%\"}}},\"zoom-rotate\":{\"id\":\"zoom-rotate\",\"name\":\"zoom rotate\",\"keyframes\":{\"0%\":{\"transform\":{\"rotate\":\"180deg\",\"scale\":\"50%\"},\"opacity\":\"0%\"},\"100%\":{\"transform\":{\"rotate\":\"0deg\",\"scale\":\"100%\"},\"opacity\":\"100%\"}}},\"move-up\":{\"id\":\"move-up\",\"name\":\"move up\",\"keyframes\":{\"0%\":{\"transform\":{\"translateY\":\"100%\"}},\"100%\":{\"transform\":{\"translateY\":\"0%\"}}}},\"move-down\":{\"id\":\"move-down\",\"name\":\"move down\",\"keyframes\":{\"0%\":{\"transform\":{\"translateY\":\"-100-%\"}},\"100%\":{\"transform\":{\"translateY\":\"0%\"}}}},\"video-app-intro\":{\"id\":\"video-app-intro\",\"name\":\"video app intro\",\"keyframes\":{\"0%\":{\"transform\":{\"translateX\":\"-300px\",\"scale\":\"300%\",\"rotate\":\"90deg\"}},\"50%\":{\"transform\":{\"translateX\":\"-300px\",\"scale\":\"100%\",\"rotate\":\"0deg\"}},\"100%\":{\"transform\":{\"translateX\":\"0px\",\"scale\":\"100%\",\"rotate\":\"0deg\"}}}}},\"settings\":{\"12dc28b2-1c6d-4941-9d74-e3d3fb89ac58\":{\"fade-in-top\":{\"selector\":true,\"triggerType\":\"onVisible\",\"triggerTarget\":[],\"triggerOnce\":true,\"reverseTarget\":[],\"easing\":\"ease-in-out\",\"duration\":1,\"delay\":0,\"iterationCount\":1,\"direction\":\"normal\"}},\"e37fb8f3-ef79-448f-8282-53661c233dd4\":{},\"8901d9b2-fc56-4d68-8b28-06a33adbb771\":{},\"adad1e11-51ac-45f0-9a41-def3a028755c\":{},\"fdf6a498-c9b4-42af-9fa9-3271f8af533a\":{},\"64017a05-5b14-47e1-9103-7fa9f5009d23\":{},\"e701d5dc-6042-4d11-8a8f-b94d0073c9a1\":{},\"6235660b-ef13-466a-aac7-47d3aa9c08fe\":{},\"985b5b38-dbdc-4083-95d1-da036a8ca392\":{},\"d301dfd3-bf41-43ad-9a90-8821137fdf49\":{},\"69dd3e2a-d61e-4ad9-9f7d-8b6b14f7c4dd\":{},\"2bdef0d0-3eb6-43c6-be0f-03c29e158b21\":{},\"2d96ad49-e71f-40af-a1fc-28804f183ee2\":{}}}","_advanced_custom_css":"","footnotes":""},"class_list":["post-127","page","type-page","status-publish","hentry"],"_links":{"self":[{"href":"https:\/\/altura-gestion.fr\/index.php\/wp-json\/wp\/v2\/pages\/127","targetHints":{"allow":["GET"]}}],"collection":[{"href":"https:\/\/altura-gestion.fr\/index.php\/wp-json\/wp\/v2\/pages"}],"about":[{"href":"https:\/\/altura-gestion.fr\/index.php\/wp-json\/wp\/v2\/types\/page"}],"author":[{"embeddable":true,"href":"https:\/\/altura-gestion.fr\/index.php\/wp-json\/wp\/v2\/users\/2"}],"replies":[{"embeddable":true,"href":"https:\/\/altura-gestion.fr\/index.php\/wp-json\/wp\/v2\/comments?post=127"}],"version-history":[{"count":25,"href":"https:\/\/altura-gestion.fr\/index.php\/wp-json\/wp\/v2\/pages\/127\/revisions"}],"predecessor-version":[{"id":500,"href":"https:\/\/altura-gestion.fr\/index.php\/wp-json\/wp\/v2\/pages\/127\/revisions\/500"}],"wp:attachment":[{"href":"https:\/\/altura-gestion.fr\/index.php\/wp-json\/wp\/v2\/media?parent=127"}],"curies":[{"name":"wp","href":"https:\/\/api.w.org\/{rel}","templated":true}]}}